 k - -41. What is the greatest common factor of 216 and c?
24
Suppose 4*m - 5*n - 164 = 0, -5*m + n + 192 = -2*n. What is the greatest common divisor of 81 and m?
9
Let d(l) = -21*l - 162. Let z be d(-9). Suppose -5*r + 110 = -s - 74, -3*r + 96 = 3*s. Calculate the highest common factor of r and z.
9
Let g(b) = -39 - 3*b - 2*b + 130. Let k be g(0). Calculate the greatest common divisor of k and 13.
13
Let x be 5*-2 + (-69 - -85). What is the greatest common divisor of x and 582?
6
Let l be (3 + -3)*(-2)/4. Suppose l = -j - 5*o - 10, 3*o + 4 = 1. Let f = 25 + j. Calculate the highest common factor of f and 30.
10
Let g(t) be the third derivative of -t**5/60 - 13*t**4/24 - 5*t**3/2 + 35*t**2. Let b be g(-8). Calculate the greatest common divisor of 1 and b.
1
Let d = -55 - -57. Suppose 12 = -3*q, 3*k + 5 = -2*q + 24. Suppose 2*w - y = w + k, 4*y = -d*w + 48. What is the greatest common divisor of 70 and w?
14
Let a(t) = 10*t**2 + 3*t - 1. Let d be a(2). Let v be (-2 + -1 - 0)*104/(-6). Let h = -47 + v. What is the highest common factor of d and h?
5
Let j(k) be the second derivative of -5/2*k**2 + 0 + 1/12*k**4 - 3*k - 13/6*k**3. Let p be j(14). Calculate the highest common divisor of 3 and p.
3
Suppose 0 = 5*i + 10, -3*s - 3*i = -2*s - 4. Calculate the greatest common divisor of s and 210.
10
Suppose -4*q + 3*b - 125 = 4*b, -b + 85 = -3*q. Let d = 38 + q. Calculate the greatest common divisor of 32 and d.
8
Let c be (-137 + 9)/(-8) + 6/(-1). Let f be 89 - (3 + -6 + 2). What is the highest common divisor of c and f?
10
Let h = 84 + -43. Suppose -3*w = -4*k + 3*k + 199, w - 2 = 0. Calculate the greatest common divisor of k and h.
41
Let t(m) = -2*m**2 - 23*m - 54. Let j be t(-8). What is the greatest common divisor of j and 50?
2
Let k be -1 - (1 + -2 + -1). Let g be k/4 - 131/(-4). Let f = 32 - 10. Calculate the highest common divisor of f and g.
11
Let i(s) = -29 - 62 + 7*s + 4*s + 28. Let f be i(6). Calculate the greatest common divisor of 21 and f.
3
Suppose 7*h - 12*h - 140 = -5*y, -48 = -y + 5*h. What is the greatest common divisor of y and 667?
23
Let y = 70 + -28. Let z = 842 + -380. Calculate the highest common factor of y and z.
42
Suppose -10*q + 2*f = -7*q - 13, -3*q - 5*f - 1 = 0. Let c = -3 - -15. What is the highest common factor of c and q?
3
Let m(i) = -78*i + 272. Let v be m(0). Calculate the greatest common factor of 153 and v.
17
Let n(q) = 33*q + 14. Let b be n(11). Let s = b - 256. Suppose -3*a + 3*r + 30 = -0*a, 3*r - 25 = -2*a. What is the greatest common factor of a and s?
11
Suppose 11*f = 6*f + 10. Suppose 4*z + j - 4*j = 90, f*j - 101 = -5*z. What is the highest common divisor of 42 and z?
21
Suppose 0 = -22*x + 18*x. Suppose -3*p + 519 + 858 = x. What is the greatest common divisor of 51 and p?
51
Let a(p) = p**2 + 7*p + 7. Let s be a(-6). Let h be s/(-3) + 14/6. Suppose 7*k - 31 = 11. What is the highest common divisor of k and h?
2
Let f(o) = -2*o**3 + 12*o**2 - 3*o + 6. Let i be f(6). Let z be (3 - 704/i) + (-2)/(-6). Calculate the highest common factor of 93 and z.
31
Let l(p) = p**2 + 4*p + 8. Let r be l(-6). Suppose -3*j + 878 - 218 = 0. Calculate the highest common divisor of r and j.
20
Let q(r) = 56*r - 1. Let s be q(1). Let t be 2/(-1) - (-750)/(60/(-6)). Let u = t + 88. Calculate the greatest common factor of s and u.
11
Suppose -366*p - 11 = -367*p. Calculate the highest common factor of p and 66.
11
Let v be (12 + 16)/((-2)/(-5)). Let m be 2/4 - 165/(-6). What is the highest common divisor of v and m?
14
Let h(n) = -n**2 - n - 17. Let v be h(-9). Let y = -88 - v. Calculate the greatest common factor of y and 4.
1
Suppose 6*b - b = 625. What is the highest common divisor of 5 and b?
5
Let v(g) = 9*g + 11. Let c be v(3). Let h = 504 - 314. What is the highest common divisor of h and c?
38
Let r be (-1760)/(-25) + 3/(105/(-14)). What is the highest common factor of r and 70?
70
Let r = -3 - -353. Let g be ((-1)/5*6)/((-28)/r). Let o = -25 - -175. What is the greatest common divisor of g and o?
15
Suppose 5*l + 20 = 0, 4*z + 2*l + 2*l = 292. What is the greatest common factor of 77 and z?
77
Let l(w) = 16*w**2 + 2*w + 4. Let y be l(-2). Suppose -4*c - 3*m + 283 = 0, 2*c = 5*m + 199 - y. Calculate the greatest common factor of c and 28.
14
Let c = -9 - -9. Suppose -4*b + 172 + 136 = c. Let r be 3/(-2)*(-44)/6. Calculate the greatest common divisor of b and r.
11
Let k = 112 + -100. Calculate the highest common divisor of 108 and k.
12
Let q be (-1)/(15/(-6)) - 669/(-15). What is the greatest common factor of q and 72?
9
Suppose c + 2163 = 5*n, 2*n + 876 = 4*n - 4*c. Calculate the highest common divisor of 16 and n.
16
Let a be -2 - (2/(-4))/((-2)/(-132)). What is the greatest common factor of a and 31?
31
Let h(z) = -24*z + 481. Let i be h(14). Calculate the greatest common divisor of i and 58.
29
Let v(p) = 16*p**3 - p**2. Let g be v(1). Let b(z) = z**3 + 12*z**2 - 10*z - 15. Let w be b(-12). What is the highest common factor of w and g?
15
Let g(k) be the first derivative of -k**4/4 + 10*k**3/3 - 4*k**2 + 20*k + 30. Let p be g(8). What is the highest common divisor of p and 56?
28
Let j be -20 + 10 - (-1)/((-3)/(-6)). Let q be (-40)/15*(-2)/j*-27. What is the greatest common divisor of 72 and q?
18
Suppose j - 378 = 2*y - 46, 1 = -y. Calculate the greatest common factor of 80 and j.
10
Let g be 80/48 + (-7)/(-3). What is the greatest common divisor of g and 14?
2
Let g = 31 + -36. Let u be 5/(-50)*-28 + (-1)/g. Calculate the greatest common divisor of u and 57.
3
Let w = -7 + 18. Let a = 29 - w. What is the greatest common factor of a and 2?
2
Let n(w) = -w**2 + 10. Let c be n(8). Let x = c + 62. Calculate the greatest common factor of 40 and x.
8
Suppose 16*o - 6 + 1 = 27. Suppose 0 = 5*k - 3*k + 5*b - 32, -4*k = b - 64. Calculate the highest common divisor of k and o.
2
Let z be (14/4)/(459/114 - 4). Suppose -2*y = -z - 101. Calculate the highest common factor of y and 13.
13
Suppose -3*l - 5*k = -380, -k - 3 = -7. Suppose 3*w + 0*w + 120 = 5*h, -w = -5*h + l. Calculate the highest common factor of h and 60.
12
Let m = -1 - -4. Let w(j) = 6*j**3 - 2*j**2. Let i be w(m). Let f = 653 - 637. What is the greatest common divisor of i and f?
16
Let b = 518 + -480. Calculate the greatest common factor of 589 and b.
19
Let d = 150 + -157. Let s(t) = -t**2 - 6*t + 18. Let u be s(d). Calculate the greatest common factor of u and 121.
11
Suppose -5*d - 385 = -j - 4*j, -3*j + 5*d + 229 = 0. Suppose 16*i - j = 3*i. What is the greatest common factor of i and 138?
6
Suppose 4*w - 5*w + 377 = r, 2*r - w - 745 = 0. Calculate the highest common divisor of r and 44.
22
Let j(m) = -m + 98. Let a(o) = -o + 6. Let h = 8 - 2. Let k be a(h). Let i be j(k). Calculate the greatest common divisor of i and 14.
14
Suppose 3*d + 18*d = 210. Calculate the greatest common factor of d and 14.
2
Suppose 3*d = 4*f - 0 + 9, 4*d - 12 = 5*f. Suppose -2*p - d*p + 110 = 0. Let z be (-200)/(-6) + 2/(-6). What is the greatest common divisor of p and z?
11
Let o(n) = -7*n + 164. Let z be o(4). Calculate the highest common divisor of 68 and z.
68
Let s(q) = q + 2. Let k be s(5). Let h(u) = 5*u + 32. Let f be h(9). What is the highest common divisor of f and k?
7
Let j be 1440/42 - 2/(-7)*-1. Let a = -3 + j. What is the highest common factor of a and 248?
31
Suppose 13*d = -3*d + 64. What is the highest common divisor of 4 and d?
4
Let x = -48 + 60. Calculate the greatest common divisor of 3 and x.
3
Let u = -55 + 40. Let v be 6*1*(-10)/u. Let i = 6 + 4. Calculate the highest common factor of i and v.
2
Let q be 1*-4 + 21/21. Let o(h) = -2*h**3 - 5*h**2 - 4*h. Let u be o(q). What is the highest common factor of u and 14?
7
Suppose 29 = a - 5*j, -j - 24 - 7 = -3*a. What is the greatest common factor of 72 and a?
9
Suppose 5*q = -0*q + 90. Let n be 10/45*179 + 4/q. What is the highest common factor of n and 16?
8
Suppose -5*b - 16*b + 1680 = 0. What is the highest common factor of b and 60?
20
Let t = 758 + -752. Calculate the highest common factor of 762 and t.
6
Let s = -14 - -58. Calculate the greatest common factor of 11 and s.
11
Suppose -5*i = -f + 42, 5*i = 3*f + 37 - 183. Suppose 4*m - 349 = 175. Let j be 13/(-13)*(1 - m). What is the hig